{"id":31543,"date":"2025-05-11T13:52:46","date_gmt":"2025-05-11T11:52:46","guid":{"rendered":"https:\/\/victorybrandsdz.com\/?post_type=product&#038;p=31543"},"modified":"2025-10-16T19:28:25","modified_gmt":"2025-10-16T17:28:25","slug":"carina-2-0","status":"publish","type":"product","link":"https:\/\/victorybrandsdz.com\/index.php\/product\/carina-2-0\/","title":{"rendered":"Carina 2.0"},"content":{"rendered":"<p>Les Carina 2.0 revisitent un classique avec des mat\u00e9riaux contemporains. Parfaites pour un look d\u00e9contract\u00e9 et tendance.<\/p>\n","protected":false},"excerpt":{"rendered":"<p>Chaussures lifestyle Carina 2.0, style r\u00e9tro moderne<\/p>\n","protected":false},"featured_media":31441,"comment_status":"open","ping_status":"closed","template":"","meta":[],"product_brand":[],"product_cat":[375],"product_tag":[],"class_list":{"0":"post-31543","1":"product","2":"type-product","3":"status-publish","4":"has-post-thumbnail","6":"product_cat-baskets-chaussures-femme","8":"first","9":"instock","10":"shipping-taxable","11":"purchasable","12":"product-type-variable"},"_links":{"self":[{"href":"https:\/\/victorybrandsdz.com\/index.php\/wp-json\/wp\/v2\/product\/31543","targetHints":{"allow":["GET"]}}],"collection":[{"href":"https:\/\/victorybrandsdz.com\/index.php\/wp-json\/wp\/v2\/product"}],"about":[{"href":"https:\/\/victorybrandsdz.com\/index.php\/wp-json\/wp\/v2\/types\/product"}],"replies":[{"embeddable":true,"href":"https:\/\/victorybrandsdz.com\/index.php\/wp-json\/wp\/v2\/comments?post=31543"}],"version-history":[{"count":1,"href":"https:\/\/victorybrandsdz.com\/index.php\/wp-json\/wp\/v2\/product\/31543\/revisions"}],"predecessor-version":[{"id":31569,"href":"https:\/\/victorybrandsdz.com\/index.php\/wp-json\/wp\/v2\/product\/31543\/revisions\/31569"}],"wp:featuredmedia":[{"embeddable":true,"href":"https:\/\/victorybrandsdz.com\/index.php\/wp-json\/wp\/v2\/media\/31441"}],"wp:attachment":[{"href":"https:\/\/victorybrandsdz.com\/index.php\/wp-json\/wp\/v2\/media?parent=31543"}],"wp:term":[{"taxonomy":"product_brand","embeddable":true,"href":"https:\/\/victorybrandsdz.com\/index.php\/wp-json\/wp\/v2\/product_brand?post=31543"},{"taxonomy":"product_cat","embeddable":true,"href":"https:\/\/victorybrandsdz.com\/index.php\/wp-json\/wp\/v2\/product_cat?post=31543"},{"taxonomy":"product_tag","embeddable":true,"href":"https:\/\/victorybrandsdz.com\/index.php\/wp-json\/wp\/v2\/product_tag?post=31543"}],"curies":[{"name":"wp","href":"https:\/\/api.w.org\/{rel}","templated":true}]}}