{"id":31414,"date":"2025-05-11T13:07:36","date_gmt":"2025-05-11T11:07:36","guid":{"rendered":"https:\/\/victorybrandsdz.com\/index.php\/product\/vector-baseball-cap\/"},"modified":"2025-10-16T19:28:25","modified_gmt":"2025-10-16T17:28:25","slug":"vector-baseball-cap","status":"publish","type":"product","link":"https:\/\/victorybrandsdz.com\/index.php\/product\/vector-baseball-cap\/","title":{"rendered":"VECTOR BASEBALL CAP"},"content":{"rendered":"<p>La casquette baseball VECTOR combine confort et style avec sa couronne structur\u00e9e et sa visi\u00e8re pr\u00e9-courb\u00e9e.<\/p>\n","protected":false},"excerpt":{"rendered":"<p>Casquette baseball VECTOR, style sportif<\/p>\n","protected":false},"featured_media":31242,"comment_status":"open","ping_status":"closed","template":"","meta":[],"product_brand":[],"product_cat":[443],"product_tag":[],"class_list":{"0":"post-31414","1":"product","2":"type-product","3":"status-publish","4":"has-post-thumbnail","6":"product_cat-casquettes","8":"first","9":"instock","10":"shipping-taxable","11":"purchasable","12":"product-type-simple"},"_links":{"self":[{"href":"https:\/\/victorybrandsdz.com\/index.php\/wp-json\/wp\/v2\/product\/31414","targetHints":{"allow":["GET"]}}],"collection":[{"href":"https:\/\/victorybrandsdz.com\/index.php\/wp-json\/wp\/v2\/product"}],"about":[{"href":"https:\/\/victorybrandsdz.com\/index.php\/wp-json\/wp\/v2\/types\/product"}],"replies":[{"embeddable":true,"href":"https:\/\/victorybrandsdz.com\/index.php\/wp-json\/wp\/v2\/comments?post=31414"}],"version-history":[{"count":1,"href":"https:\/\/victorybrandsdz.com\/index.php\/wp-json\/wp\/v2\/product\/31414\/revisions"}],"predecessor-version":[{"id":31689,"href":"https:\/\/victorybrandsdz.com\/index.php\/wp-json\/wp\/v2\/product\/31414\/revisions\/31689"}],"wp:featuredmedia":[{"embeddable":true,"href":"https:\/\/victorybrandsdz.com\/index.php\/wp-json\/wp\/v2\/media\/31242"}],"wp:attachment":[{"href":"https:\/\/victorybrandsdz.com\/index.php\/wp-json\/wp\/v2\/media?parent=31414"}],"wp:term":[{"taxonomy":"product_brand","embeddable":true,"href":"https:\/\/victorybrandsdz.com\/index.php\/wp-json\/wp\/v2\/product_brand?post=31414"},{"taxonomy":"product_cat","embeddable":true,"href":"https:\/\/victorybrandsdz.com\/index.php\/wp-json\/wp\/v2\/product_cat?post=31414"},{"taxonomy":"product_tag","embeddable":true,"href":"https:\/\/victorybrandsdz.com\/index.php\/wp-json\/wp\/v2\/product_tag?post=31414"}],"curies":[{"name":"wp","href":"https:\/\/api.w.org\/{rel}","templated":true}]}}