{"id":30144,"date":"2025-04-13T12:24:52","date_gmt":"2025-04-13T10:24:52","guid":{"rendered":"https:\/\/victorybrandsdz.com\/?post_type=product&#038;p=30144"},"modified":"2025-10-16T19:27:52","modified_gmt":"2025-10-16T17:27:52","slug":"response-runner-u-3","status":"publish","type":"product","link":"https:\/\/victorybrandsdz.com\/index.php\/product\/response-runner-u-3\/","title":{"rendered":"RESPONSE RUNNER U"},"content":{"rendered":"<p>Les RESPONSE RUNNER U favorisent une foul\u00e9e dynamique avec un amorti r\u00e9actif, parfaites pour les entra\u00eenements.<\/p>\n","protected":false},"excerpt":{"rendered":"<p>Chaussures de running pour une transition fluide et naturelle<\/p>\n","protected":false},"featured_media":29484,"comment_status":"open","ping_status":"closed","template":"","meta":[],"product_brand":[],"product_cat":[383],"product_tag":[],"class_list":{"0":"post-30144","1":"product","2":"type-product","3":"status-publish","4":"has-post-thumbnail","6":"product_cat-chaussures-de-running","8":"first","9":"instock","10":"shipping-taxable","11":"purchasable","12":"product-type-variable"},"_links":{"self":[{"href":"https:\/\/victorybrandsdz.com\/index.php\/wp-json\/wp\/v2\/product\/30144","targetHints":{"allow":["GET"]}}],"collection":[{"href":"https:\/\/victorybrandsdz.com\/index.php\/wp-json\/wp\/v2\/product"}],"about":[{"href":"https:\/\/victorybrandsdz.com\/index.php\/wp-json\/wp\/v2\/types\/product"}],"replies":[{"embeddable":true,"href":"https:\/\/victorybrandsdz.com\/index.php\/wp-json\/wp\/v2\/comments?post=30144"}],"version-history":[{"count":1,"href":"https:\/\/victorybrandsdz.com\/index.php\/wp-json\/wp\/v2\/product\/30144\/revisions"}],"predecessor-version":[{"id":30161,"href":"https:\/\/victorybrandsdz.com\/index.php\/wp-json\/wp\/v2\/product\/30144\/revisions\/30161"}],"wp:featuredmedia":[{"embeddable":true,"href":"https:\/\/victorybrandsdz.com\/index.php\/wp-json\/wp\/v2\/media\/29484"}],"wp:attachment":[{"href":"https:\/\/victorybrandsdz.com\/index.php\/wp-json\/wp\/v2\/media?parent=30144"}],"wp:term":[{"taxonomy":"product_brand","embeddable":true,"href":"https:\/\/victorybrandsdz.com\/index.php\/wp-json\/wp\/v2\/product_brand?post=30144"},{"taxonomy":"product_cat","embeddable":true,"href":"https:\/\/victorybrandsdz.com\/index.php\/wp-json\/wp\/v2\/product_cat?post=30144"},{"taxonomy":"product_tag","embeddable":true,"href":"https:\/\/victorybrandsdz.com\/index.php\/wp-json\/wp\/v2\/product_tag?post=30144"}],"curies":[{"name":"wp","href":"https:\/\/api.w.org\/{rel}","templated":true}]}}