{"id":27737,"date":"2025-03-10T01:18:54","date_gmt":"2025-03-10T00:18:54","guid":{"rendered":"https:\/\/victorybrandsdz.com\/?post_type=product&#038;p=27737"},"modified":"2025-10-16T19:27:00","modified_gmt":"2025-10-16T17:27:00","slug":"reebok-royal-complete-cln2-2","status":"publish","type":"product","link":"https:\/\/victorybrandsdz.com\/index.php\/product\/reebok-royal-complete-cln2-2\/","title":{"rendered":"REEBOK ROYAL COMPLETE CLN2"},"content":{"rendered":"<p>La REEBOK ROYAL COMPLETE CLN2 se distingue par son design \u00e9pur\u00e9 et sa tige en cuir synth\u00e9tique premium. Son amorti souple et sa semelle en caoutchouc assurent un confort optimal au quotidien, parfait pour un look classique et intemporel.<\/p>\n","protected":false},"excerpt":{"rendered":"<p>Une sneaker \u00e9l\u00e9gante et minimaliste au confort durable.<\/p>\n","protected":false},"featured_media":27672,"comment_status":"open","ping_status":"closed","template":"","meta":[],"product_brand":[],"product_cat":[382],"product_tag":[],"class_list":{"0":"post-27737","1":"product","2":"type-product","3":"status-publish","4":"has-post-thumbnail","6":"product_cat-baskets-chaussures-homme","8":"first","9":"instock","10":"shipping-taxable","11":"purchasable","12":"product-type-variable"},"_links":{"self":[{"href":"https:\/\/victorybrandsdz.com\/index.php\/wp-json\/wp\/v2\/product\/27737","targetHints":{"allow":["GET"]}}],"collection":[{"href":"https:\/\/victorybrandsdz.com\/index.php\/wp-json\/wp\/v2\/product"}],"about":[{"href":"https:\/\/victorybrandsdz.com\/index.php\/wp-json\/wp\/v2\/types\/product"}],"replies":[{"embeddable":true,"href":"https:\/\/victorybrandsdz.com\/index.php\/wp-json\/wp\/v2\/comments?post=27737"}],"version-history":[{"count":1,"href":"https:\/\/victorybrandsdz.com\/index.php\/wp-json\/wp\/v2\/product\/27737\/revisions"}],"predecessor-version":[{"id":27757,"href":"https:\/\/victorybrandsdz.com\/index.php\/wp-json\/wp\/v2\/product\/27737\/revisions\/27757"}],"wp:featuredmedia":[{"embeddable":true,"href":"https:\/\/victorybrandsdz.com\/index.php\/wp-json\/wp\/v2\/media\/27672"}],"wp:attachment":[{"href":"https:\/\/victorybrandsdz.com\/index.php\/wp-json\/wp\/v2\/media?parent=27737"}],"wp:term":[{"taxonomy":"product_brand","embeddable":true,"href":"https:\/\/victorybrandsdz.com\/index.php\/wp-json\/wp\/v2\/product_brand?post=27737"},{"taxonomy":"product_cat","embeddable":true,"href":"https:\/\/victorybrandsdz.com\/index.php\/wp-json\/wp\/v2\/product_cat?post=27737"},{"taxonomy":"product_tag","embeddable":true,"href":"https:\/\/victorybrandsdz.com\/index.php\/wp-json\/wp\/v2\/product_tag?post=27737"}],"curies":[{"name":"wp","href":"https:\/\/api.w.org\/{rel}","templated":true}]}}