{"id":27703,"date":"2025-03-10T01:18:47","date_gmt":"2025-03-10T00:18:47","guid":{"rendered":"https:\/\/victorybrandsdz.com\/?post_type=product&#038;p=27703"},"modified":"2025-10-16T19:26:55","modified_gmt":"2025-10-16T17:26:55","slug":"ultrabounce-ftwwht-grethr-crywht","status":"publish","type":"product","link":"https:\/\/victorybrandsdz.com\/index.php\/product\/ultrabounce-ftwwht-grethr-crywht\/","title":{"rendered":"ULTRABOUNCE         FTWWHT\/GRETHR\/CRYWHT"},"content":{"rendered":"<p>L&rsquo;ULTRABOUNCE offre un excellent retour d&rsquo;\u00e9nergie gr\u00e2ce \u00e0 sa semelle interm\u00e9diaire amortissante. Son design respirant et l\u00e9ger assure un confort longue dur\u00e9e, id\u00e9al pour les entra\u00eenements et la course quotidienne.<\/p>\n","protected":false},"excerpt":{"rendered":"<p>Une chaussure de running r\u00e9active avec un amorti dynamique pour un confort optimal.<\/p>\n","protected":false},"featured_media":30790,"comment_status":"open","ping_status":"closed","template":"","meta":[],"product_brand":[],"product_cat":[383],"product_tag":[242],"class_list":{"0":"post-27703","1":"product","2":"type-product","3":"status-publish","4":"has-post-thumbnail","6":"product_cat-chaussures-de-running","7":"product_tag-242","9":"first","10":"instock","11":"shipping-taxable","12":"purchasable","13":"product-type-variable"},"_links":{"self":[{"href":"https:\/\/victorybrandsdz.com\/index.php\/wp-json\/wp\/v2\/product\/27703","targetHints":{"allow":["GET"]}}],"collection":[{"href":"https:\/\/victorybrandsdz.com\/index.php\/wp-json\/wp\/v2\/product"}],"about":[{"href":"https:\/\/victorybrandsdz.com\/index.php\/wp-json\/wp\/v2\/types\/product"}],"replies":[{"embeddable":true,"href":"https:\/\/victorybrandsdz.com\/index.php\/wp-json\/wp\/v2\/comments?post=27703"}],"version-history":[{"count":1,"href":"https:\/\/victorybrandsdz.com\/index.php\/wp-json\/wp\/v2\/product\/27703\/revisions"}],"predecessor-version":[{"id":27707,"href":"https:\/\/victorybrandsdz.com\/index.php\/wp-json\/wp\/v2\/product\/27703\/revisions\/27707"}],"wp:featuredmedia":[{"embeddable":true,"href":"https:\/\/victorybrandsdz.com\/index.php\/wp-json\/wp\/v2\/media\/30790"}],"wp:attachment":[{"href":"https:\/\/victorybrandsdz.com\/index.php\/wp-json\/wp\/v2\/media?parent=27703"}],"wp:term":[{"taxonomy":"product_brand","embeddable":true,"href":"https:\/\/victorybrandsdz.com\/index.php\/wp-json\/wp\/v2\/product_brand?post=27703"},{"taxonomy":"product_cat","embeddable":true,"href":"https:\/\/victorybrandsdz.com\/index.php\/wp-json\/wp\/v2\/product_cat?post=27703"},{"taxonomy":"product_tag","embeddable":true,"href":"https:\/\/victorybrandsdz.com\/index.php\/wp-json\/wp\/v2\/product_tag?post=27703"}],"curies":[{"name":"wp","href":"https:\/\/api.w.org\/{rel}","templated":true}]}}