{"id":27391,"date":"2025-03-09T12:03:55","date_gmt":"2025-03-09T11:03:55","guid":{"rendered":"https:\/\/victorybrandsdz.com\/?post_type=product&#038;p=27391"},"modified":"2025-10-16T19:26:42","modified_gmt":"2025-10-16T17:26:42","slug":"x-ray-3","status":"publish","type":"product","link":"https:\/\/victorybrandsdz.com\/index.php\/product\/x-ray-3\/","title":{"rendered":"X-Ray 3"},"content":{"rendered":"<p>La Puma X-Ray 3 revisite le style r\u00e9tro avec une touche moderne. Dot\u00e9e d&rsquo;une semelle IMEVA pour un confort optimal et d&rsquo;une tige en mesh et cuir synth\u00e9tique, elle offre un parfait \u00e9quilibre entre performance et design audacieux. Id\u00e9ale pour un look streetwear tendance.<\/p>\n","protected":false},"excerpt":{"rendered":"<p>Une sneaker au look r\u00e9tro-futuriste avec un amorti confortable pour un usage quotidien.<\/p>\n","protected":false},"featured_media":30747,"comment_status":"open","ping_status":"closed","template":"","meta":[],"product_brand":[],"product_cat":[382],"product_tag":[],"class_list":{"0":"post-27391","1":"product","2":"type-product","3":"status-publish","4":"has-post-thumbnail","6":"product_cat-baskets-chaussures-homme","8":"first","9":"instock","10":"shipping-taxable","11":"purchasable","12":"product-type-variable"},"_links":{"self":[{"href":"https:\/\/victorybrandsdz.com\/index.php\/wp-json\/wp\/v2\/product\/27391","targetHints":{"allow":["GET"]}}],"collection":[{"href":"https:\/\/victorybrandsdz.com\/index.php\/wp-json\/wp\/v2\/product"}],"about":[{"href":"https:\/\/victorybrandsdz.com\/index.php\/wp-json\/wp\/v2\/types\/product"}],"replies":[{"embeddable":true,"href":"https:\/\/victorybrandsdz.com\/index.php\/wp-json\/wp\/v2\/comments?post=27391"}],"version-history":[{"count":1,"href":"https:\/\/victorybrandsdz.com\/index.php\/wp-json\/wp\/v2\/product\/27391\/revisions"}],"predecessor-version":[{"id":27400,"href":"https:\/\/victorybrandsdz.com\/index.php\/wp-json\/wp\/v2\/product\/27391\/revisions\/27400"}],"wp:featuredmedia":[{"embeddable":true,"href":"https:\/\/victorybrandsdz.com\/index.php\/wp-json\/wp\/v2\/media\/30747"}],"wp:attachment":[{"href":"https:\/\/victorybrandsdz.com\/index.php\/wp-json\/wp\/v2\/media?parent=27391"}],"wp:term":[{"taxonomy":"product_brand","embeddable":true,"href":"https:\/\/victorybrandsdz.com\/index.php\/wp-json\/wp\/v2\/product_brand?post=27391"},{"taxonomy":"product_cat","embeddable":true,"href":"https:\/\/victorybrandsdz.com\/index.php\/wp-json\/wp\/v2\/product_cat?post=27391"},{"taxonomy":"product_tag","embeddable":true,"href":"https:\/\/victorybrandsdz.com\/index.php\/wp-json\/wp\/v2\/product_tag?post=27391"}],"curies":[{"name":"wp","href":"https:\/\/api.w.org\/{rel}","templated":true}]}}