{"id":24280,"date":"2024-10-09T10:22:07","date_gmt":"2024-10-09T08:22:07","guid":{"rendered":"https:\/\/victorybrandsdz.com\/?post_type=product&#038;p=24280"},"modified":"2025-10-21T20:36:21","modified_gmt":"2025-10-21T18:36:21","slug":"st-runner-v4-l-jr-puma-black-shadow-gray","status":"publish","type":"product","link":"https:\/\/victorybrandsdz.com\/index.php\/product\/st-runner-v4-l-jr-puma-black-shadow-gray\/","title":{"rendered":"St Runner V4 L Jr Puma Black-Shadow Gray"},"content":{"rendered":"<p>&#8211; Mat\u00e9riaux : textile et cuir synth\u00e9tique<br \/>\n&#8211; Semelle en caoutchouc<\/p>\n","protected":false},"excerpt":{"rendered":"<p>L\u00e9g\u00e8ret\u00e9 et confort \u00e0 chaque pas avec Puma. Chaussures sportives avec un design l\u00e9ger et ergonomique pour une performance de haut niveau.<\/p>\n","protected":false},"featured_media":23986,"comment_status":"open","ping_status":"closed","template":"","meta":[],"product_brand":[],"product_cat":[378],"product_tag":[245],"class_list":{"0":"post-24280","1":"product","2":"type-product","3":"status-publish","4":"has-post-thumbnail","6":"product_cat-baskets-chaussures-garcon","7":"product_tag-245","9":"first","10":"instock","11":"shipping-taxable","12":"purchasable","13":"product-type-variable"},"_links":{"self":[{"href":"https:\/\/victorybrandsdz.com\/index.php\/wp-json\/wp\/v2\/product\/24280","targetHints":{"allow":["GET"]}}],"collection":[{"href":"https:\/\/victorybrandsdz.com\/index.php\/wp-json\/wp\/v2\/product"}],"about":[{"href":"https:\/\/victorybrandsdz.com\/index.php\/wp-json\/wp\/v2\/types\/product"}],"replies":[{"embeddable":true,"href":"https:\/\/victorybrandsdz.com\/index.php\/wp-json\/wp\/v2\/comments?post=24280"}],"version-history":[{"count":2,"href":"https:\/\/victorybrandsdz.com\/index.php\/wp-json\/wp\/v2\/product\/24280\/revisions"}],"predecessor-version":[{"id":25437,"href":"https:\/\/victorybrandsdz.com\/index.php\/wp-json\/wp\/v2\/product\/24280\/revisions\/25437"}],"wp:featuredmedia":[{"embeddable":true,"href":"https:\/\/victorybrandsdz.com\/index.php\/wp-json\/wp\/v2\/media\/23986"}],"wp:attachment":[{"href":"https:\/\/victorybrandsdz.com\/index.php\/wp-json\/wp\/v2\/media?parent=24280"}],"wp:term":[{"taxonomy":"product_brand","embeddable":true,"href":"https:\/\/victorybrandsdz.com\/index.php\/wp-json\/wp\/v2\/product_brand?post=24280"},{"taxonomy":"product_cat","embeddable":true,"href":"https:\/\/victorybrandsdz.com\/index.php\/wp-json\/wp\/v2\/product_cat?post=24280"},{"taxonomy":"product_tag","embeddable":true,"href":"https:\/\/victorybrandsdz.com\/index.php\/wp-json\/wp\/v2\/product_tag?post=24280"}],"curies":[{"name":"wp","href":"https:\/\/api.w.org\/{rel}","templated":true}]}}