{"id":24279,"date":"2024-10-09T10:22:07","date_gmt":"2024-10-09T08:22:07","guid":{"rendered":"https:\/\/victorybrandsdz.com\/?post_type=product&#038;p=24279"},"modified":"2025-10-16T19:25:55","modified_gmt":"2025-10-16T17:25:55","slug":"x-ray-3-sd-puma-olive-puma-white-puma-bl","status":"publish","type":"product","link":"https:\/\/victorybrandsdz.com\/index.php\/product\/x-ray-3-sd-puma-olive-puma-white-puma-bl\/","title":{"rendered":"X-Ray 3 Sd Puma Olive-Puma White-Puma Bl"},"content":{"rendered":"<p>&#8211; Mat\u00e9riaux : cuir et synth\u00e9tique<br \/>\n&#8211; Semelle en caoutchouc<br \/>\n&#8211; Fermeture : lacets<br \/>\n&#8211; Technologie : Softfoam+<\/p>\n","protected":false},"excerpt":{"rendered":"<p>Alliez mode et durabilit\u00e9 avec les Puma Smash 3.0. Mod\u00e8le de sneakers embl\u00e9matique revisit\u00e9 avec un design moderne et des mat\u00e9riaux recycl\u00e9s.<\/p>\n","protected":false},"featured_media":23981,"comment_status":"open","ping_status":"closed","template":"","meta":[],"product_brand":[],"product_cat":[382],"product_tag":[],"class_list":{"0":"post-24279","1":"product","2":"type-product","3":"status-publish","4":"has-post-thumbnail","6":"product_cat-baskets-chaussures-homme","8":"first","9":"instock","10":"shipping-taxable","11":"purchasable","12":"product-type-variable"},"_links":{"self":[{"href":"https:\/\/victorybrandsdz.com\/index.php\/wp-json\/wp\/v2\/product\/24279","targetHints":{"allow":["GET"]}}],"collection":[{"href":"https:\/\/victorybrandsdz.com\/index.php\/wp-json\/wp\/v2\/product"}],"about":[{"href":"https:\/\/victorybrandsdz.com\/index.php\/wp-json\/wp\/v2\/types\/product"}],"replies":[{"embeddable":true,"href":"https:\/\/victorybrandsdz.com\/index.php\/wp-json\/wp\/v2\/comments?post=24279"}],"version-history":[{"count":2,"href":"https:\/\/victorybrandsdz.com\/index.php\/wp-json\/wp\/v2\/product\/24279\/revisions"}],"predecessor-version":[{"id":25436,"href":"https:\/\/victorybrandsdz.com\/index.php\/wp-json\/wp\/v2\/product\/24279\/revisions\/25436"}],"wp:featuredmedia":[{"embeddable":true,"href":"https:\/\/victorybrandsdz.com\/index.php\/wp-json\/wp\/v2\/media\/23981"}],"wp:attachment":[{"href":"https:\/\/victorybrandsdz.com\/index.php\/wp-json\/wp\/v2\/media?parent=24279"}],"wp:term":[{"taxonomy":"product_brand","embeddable":true,"href":"https:\/\/victorybrandsdz.com\/index.php\/wp-json\/wp\/v2\/product_brand?post=24279"},{"taxonomy":"product_cat","embeddable":true,"href":"https:\/\/victorybrandsdz.com\/index.php\/wp-json\/wp\/v2\/product_cat?post=24279"},{"taxonomy":"product_tag","embeddable":true,"href":"https:\/\/victorybrandsdz.com\/index.php\/wp-json\/wp\/v2\/product_tag?post=24279"}],"curies":[{"name":"wp","href":"https:\/\/api.w.org\/{rel}","templated":true}]}}