{"id":24277,"date":"2024-10-09T10:22:06","date_gmt":"2024-10-09T08:22:06","guid":{"rendered":"https:\/\/victorybrandsdz.com\/?post_type=product&#038;p=24277"},"modified":"2025-10-16T19:25:52","modified_gmt":"2025-10-16T17:25:52","slug":"st-runner-v4-l-puma-black-shadow-gray","status":"publish","type":"product","link":"https:\/\/victorybrandsdz.com\/index.php\/product\/st-runner-v4-l-puma-black-shadow-gray\/","title":{"rendered":"St Runner V4 L Puma Black-Shadow Gray"},"content":{"rendered":"<p>&#8211; Mat\u00e9riaux : textile et synth\u00e9tique<br \/>\n&#8211; Semelle en caoutchouc<br \/>\n&#8211; Fermeture : lacets<br \/>\n&#8211; Technologie : Softfoam+<\/p>\n","protected":false},"excerpt":{"rendered":"<p>Des sneakers au style inspir\u00e9 par la vitesse et l&rsquo;innovation. Sneakers BMW M Motorsport avec des d\u00e9tails de design inspir\u00e9s du sport automobile et une semelle robuste.<\/p>\n","protected":false},"featured_media":23971,"comment_status":"open","ping_status":"closed","template":"","meta":[],"product_brand":[],"product_cat":[382],"product_tag":[],"class_list":{"0":"post-24277","1":"product","2":"type-product","3":"status-publish","4":"has-post-thumbnail","6":"product_cat-baskets-chaussures-homme","8":"first","9":"instock","10":"shipping-taxable","11":"purchasable","12":"product-type-variable"},"_links":{"self":[{"href":"https:\/\/victorybrandsdz.com\/index.php\/wp-json\/wp\/v2\/product\/24277","targetHints":{"allow":["GET"]}}],"collection":[{"href":"https:\/\/victorybrandsdz.com\/index.php\/wp-json\/wp\/v2\/product"}],"about":[{"href":"https:\/\/victorybrandsdz.com\/index.php\/wp-json\/wp\/v2\/types\/product"}],"replies":[{"embeddable":true,"href":"https:\/\/victorybrandsdz.com\/index.php\/wp-json\/wp\/v2\/comments?post=24277"}],"version-history":[{"count":2,"href":"https:\/\/victorybrandsdz.com\/index.php\/wp-json\/wp\/v2\/product\/24277\/revisions"}],"predecessor-version":[{"id":25434,"href":"https:\/\/victorybrandsdz.com\/index.php\/wp-json\/wp\/v2\/product\/24277\/revisions\/25434"}],"wp:featuredmedia":[{"embeddable":true,"href":"https:\/\/victorybrandsdz.com\/index.php\/wp-json\/wp\/v2\/media\/23971"}],"wp:attachment":[{"href":"https:\/\/victorybrandsdz.com\/index.php\/wp-json\/wp\/v2\/media?parent=24277"}],"wp:term":[{"taxonomy":"product_brand","embeddable":true,"href":"https:\/\/victorybrandsdz.com\/index.php\/wp-json\/wp\/v2\/product_brand?post=24277"},{"taxonomy":"product_cat","embeddable":true,"href":"https:\/\/victorybrandsdz.com\/index.php\/wp-json\/wp\/v2\/product_cat?post=24277"},{"taxonomy":"product_tag","embeddable":true,"href":"https:\/\/victorybrandsdz.com\/index.php\/wp-json\/wp\/v2\/product_tag?post=24277"}],"curies":[{"name":"wp","href":"https:\/\/api.w.org\/{rel}","templated":true}]}}