{"id":20225,"date":"2024-06-30T00:05:14","date_gmt":"2024-06-29T22:05:14","guid":{"rendered":"https:\/\/victorybrandsdz.com\/?post_type=product&#038;p=20225"},"modified":"2025-10-16T19:24:18","modified_gmt":"2025-10-16T17:24:18","slug":"fluxlite","status":"publish","type":"product","link":"https:\/\/victorybrandsdz.com\/index.php\/product\/fluxlite\/","title":{"rendered":"Fluxlite"},"content":{"rendered":"<p>Tige en mesh<br \/>\nL\u00e9g\u00e8ret\u00e9 et respirabilit\u00e9<br \/>\nCon\u00e7ues pour : l&rsquo;entra\u00eenement<br \/>\nFermeture \u00e0 lacets<br \/>\nSemelle int\u00e9rieure confortable<br \/>\nDoublure en textile<br \/>\nSemelle interm\u00e9diaire en mousse EVA<br \/>\nSemelle ext\u00e9rieure en caoutchouc toutes surfaces avec rainures de flexion<\/p>\n","protected":false},"excerpt":{"rendered":"<p>Les chaussures Reebok Fluxlite sont con\u00e7ues pour ceux qui recherchent un \u00e9quilibre parfait entre style, confort et performance. Id\u00e9ales pour un usage quotidien, ces chaussures offrent une polyvalence exceptionnelle, que ce soit pour une s\u00e9ance d&rsquo;entra\u00eenement l\u00e9g\u00e8re, une promenade en ville ou une journ\u00e9e de travail active.<br \/>\nAvec leur design moderne et leur construction l\u00e9g\u00e8re, les Reebok Fluxlite se d\u00e9marquent par leur confort et leur esth\u00e9tique. Elles sont disponibles dans une vari\u00e9t\u00e9 de coloris pour s&rsquo;adapter \u00e0 tous les go\u00fbts et toutes les occasions.<\/p>\n","protected":false},"featured_media":19692,"comment_status":"open","ping_status":"closed","template":"","meta":[],"product_brand":[],"product_cat":[383],"product_tag":[242],"class_list":{"0":"post-20225","1":"product","2":"type-product","3":"status-publish","4":"has-post-thumbnail","6":"product_cat-chaussures-de-running","7":"product_tag-242","9":"first","10":"instock","11":"shipping-taxable","12":"purchasable","13":"product-type-variable"},"_links":{"self":[{"href":"https:\/\/victorybrandsdz.com\/index.php\/wp-json\/wp\/v2\/product\/20225","targetHints":{"allow":["GET"]}}],"collection":[{"href":"https:\/\/victorybrandsdz.com\/index.php\/wp-json\/wp\/v2\/product"}],"about":[{"href":"https:\/\/victorybrandsdz.com\/index.php\/wp-json\/wp\/v2\/types\/product"}],"replies":[{"embeddable":true,"href":"https:\/\/victorybrandsdz.com\/index.php\/wp-json\/wp\/v2\/comments?post=20225"}],"version-history":[{"count":1,"href":"https:\/\/victorybrandsdz.com\/index.php\/wp-json\/wp\/v2\/product\/20225\/revisions"}],"predecessor-version":[{"id":20235,"href":"https:\/\/victorybrandsdz.com\/index.php\/wp-json\/wp\/v2\/product\/20225\/revisions\/20235"}],"wp:featuredmedia":[{"embeddable":true,"href":"https:\/\/victorybrandsdz.com\/index.php\/wp-json\/wp\/v2\/media\/19692"}],"wp:attachment":[{"href":"https:\/\/victorybrandsdz.com\/index.php\/wp-json\/wp\/v2\/media?parent=20225"}],"wp:term":[{"taxonomy":"product_brand","embeddable":true,"href":"https:\/\/victorybrandsdz.com\/index.php\/wp-json\/wp\/v2\/product_brand?post=20225"},{"taxonomy":"product_cat","embeddable":true,"href":"https:\/\/victorybrandsdz.com\/index.php\/wp-json\/wp\/v2\/product_cat?post=20225"},{"taxonomy":"product_tag","embeddable":true,"href":"https:\/\/victorybrandsdz.com\/index.php\/wp-json\/wp\/v2\/product_tag?post=20225"}],"curies":[{"name":"wp","href":"https:\/\/api.w.org\/{rel}","templated":true}]}}